81050761?
3, 4639, 149533
What are the prime factors of 2501761315?
5, 500352263
List the prime factors of 256080003.
3, 191, 446911
List the prime factors of 136263659.
7, 2780891
What are the prime factors of 6290000808?
2, 3, 7, 13, 23, 125219
List the prime factors of 45232565.
5, 7, 31, 47, 887
List the prime factors of 55205632.
2, 89, 2423
What are the prime factors of 84085935?
3, 5, 29, 193301
List the prime factors of 883646.
2, 61, 7243
What are the prime factors of 31190065?
5, 6238013
List the prime factors of 122459034.
2, 3, 20409839
List the prime factors of 77490841.
23, 3369167
What are the prime factors of 2205847?
7, 181, 1741
List the prime factors of 194574491.
9433, 20627
What are the prime factors of 80770095?
3, 5, 7, 127, 673
What are the prime factors of 3569109648?
2, 3, 13, 223, 1973
What are the prime factors of 302582115?
3, 5, 11, 37, 5507
List the prime factors of 141190260.
2, 3, 5, 709, 3319
List the prime factors of 160496530.
2, 5, 23, 307, 2273
What are the prime factors of 162398099?
162398099
What are the prime factors of 557197074?
2, 3, 7, 257, 17207
List the prime factors of 102668826.
2, 3, 13, 23, 151, 379
What are the prime factors of 5478415650?
2, 3, 5, 12174257
List the prime factors of 1448301677.
73, 113, 175573
List the prime factors of 101602110.
2, 3, 5, 3386737
What are the prime factors of 24120391?
24120391
What are the prime factors of 42734581?
367, 116443
List the prime factors of 432764659.
73, 263, 22541
List the prime factors of 635473215.
3, 5, 13, 362093
What are the prime factors of 484976085?
3, 5, 11, 17, 41, 4217
What are the prime factors of 787083816?
2, 3, 17, 19, 101533
List the prime factors of 36672585.
3, 5, 2444839
List the prime factors of 3259001411.
29, 112379359
What are the prime factors of 401336438?
2, 200668219
What are the prime factors of 29171656?
2, 887, 4111
List the prime factors of 94179466.
2, 19, 2478407
List the prime factors of 659334.
2, 3, 13, 79, 107
What are the prime factors of 223057072?
2, 7, 53, 709
List the prime factors of 5227896317.
7, 9901, 75431
List the prime factors of 1140485940.
2, 3, 5, 11, 101, 1901
What are the prime factors of 4282101256?
2, 29, 859, 21487
List the prime factors of 37186900.
2, 5, 371869
List the prime factors of 34663079.
11, 857, 3677
What are the prime factors of 112190990?
2, 5, 17, 659947
What are the prime factors of 52273403?
7, 13, 574433
What are the prime factors of 1309836321?
3, 145537369
List the prime factors of 2030079387.
3, 7, 227, 425861
What are the prime factors of 906755630?
2, 5, 11, 73, 112921
List the prime factors of 1707398047.
1201, 1421647
What are the prime factors of 178421069?
17, 10495357
List the prime factors of 14117934.
2, 3, 2352989
What are the prime factors of 22139969?
43, 421, 1223
List the prime factors of 310468304.
2, 137, 141637
What are the prime factors of 365832627?
3, 41, 59, 50411
What are the prime factors of 188592072?
2, 3, 7858003
List the prime factors of 2575651144.
2, 11, 29268763
List the prime factors of 578971934.
2, 31, 9338257
List the prime factors of 327971716.
2, 81992929
List the prime factors of 87746291.
87746291
What are the prime factors of 442450473?
3, 19, 7762289
List the prime factors of 6018101050.
2, 5, 13, 9258617
List the prime factors of 43251999.
3, 7, 19, 108401
What are the prime factors of 13100812?
2, 17, 37, 41, 127
List the prime factors of 79159567.
19, 4166293
List the prime factors of 61231204.
2, 41, 373361
List the prime factors of 1614293989.
7, 11, 20964857
List the prime factors of 2342012947.
41, 101, 565567
List the prime factors of 4481281734.
2, 3, 67, 11147467
List the prime factors of 8434210457.
13567, 621671
What are the prime factors of 54945683?
13, 17, 53, 4691
List the prime factors of 71437435.
5, 19, 73, 10301
List the prime factors of 7193742605.
5, 7, 205535503
What are the prime factors of 95837301?
3, 7, 1521227
List the prime factors of 2479293636.
2, 3, 29, 103, 263
What are the prime factors of 259074036?
2, 3, 13, 241, 2297
What are the prime factors of 220164095?
5, 283, 155593
What are the prime factors of 170503368?
2, 3, 7, 389, 2609
What are the prime factors of 49044187?
19, 2581273
What are the prime factors of 600350075?
5, 13, 59, 131, 239
What are the prime factors of 84562720?
2, 5, 11, 23, 2089
List the prime factors of 2965870290.
2, 3, 5, 98862343
What are the prime factors of 224901725?
5, 37, 243137
List the prime factors of 130140931.
293, 444167
What are the prime factors of 86291360?
2, 5, 539321
List the prime factors of 1806022068.
2, 3, 131, 677, 1697
What are the prime factors of 1376726645?
5, 7, 151, 331, 787
List the prime factors of 41646893.
827, 50359
What are the prime factors of 238482881?
7, 13, 53, 197, 251
List the prime factors of 58143548.
2, 14535887
What are the prime factors of 90214913?
61, 1478933
List the prime factors of 6306304264.
2, 13, 60637541
What are the prime factors of 52184543?
17, 29, 151, 701
List the prime factors of 22198787.
13, 17, 100447
What are the prime factors of 820169293?
820169293
List the prime factors of 3776694.
2, 3, 629449
List the prime factors of 60486002.
2, 89, 419, 811
List the prime factors of 7027865.
5, 13, 8317
What are the prime factors of 7609205152?
2, 269, 883969
List the prime factors of 1163216479.
2281, 509959
What are the prime factors of 36894850?
2, 5, 737897
List the prime factors of 274328406.
2, 3, 11, 23, 59, 1021
What are the prime factors of 168134287?
19, 8849173
What are the prime factors of 202010338?
2, 281, 359449
List the prime factors of 778552621.
7, 11, 17, 84967
What are the prime factors of 24564866?
2, 313, 39241
List the prime factors of 5939025.
3, 5, 79187
What are the prime factors of 18865406?
2, 7, 487, 2767
List the prime factors of 52274458.
2, 79, 373, 887
What are the prime factors of 32071357?
571, 56167
List the prime factors of 301291262.
2, 941, 160091
What are the prime factors of 35664804?
2, 3, 7, 307, 461
What are the prime factors of 826165060?
2, 5, 7, 23, 47, 53, 103
List the prime factors of 224490576.
2, 3, 17, 16183
List the prime factors of 1862856980.
2, 5, 83, 113, 9931
List the prime factors of 1928659.
1928659
List the prime factors of 72082677.
3, 24027559
What are the prime factors of 45316918?
2, 227, 99817
List the prime factors of 10651753.
7, 179, 8501
What are the prime factors of 2061748650?
2, 3, 5, 13, 1057307
What are the prime factors of 332823425?
5, 11, 59, 73, 281
List the prime factors of 45549526.
2, 11, 2070433
List the prime factors of 24043653.
3, 71, 191, 197
List the prime factors of 219745999.
11, 2647, 7547
What are the prime factors of 108870648?
2, 3, 233, 19469
List the prime factors of 258110717.
4363, 59159
What are the prime factors of 3990449908?
2, 113, 2699, 3271
What are the prime factors of 350943168?
2, 3, 1827829
What are the prime factors of 107235000?
2, 3, 5, 2383
What are the prime factors of 7293461840?
2, 5, 7, 337, 5521
List the prime factors of 1499308609.
1499308609
What are the prime factors of 5552003611?
7, 11, 72103943
What are the prime factors of 124895522?
2, 62447761
List the prime factors of 131224509.
3, 13, 373859
List the prime factors of 152975790.
2, 3, 5, 11, 59, 97
What are the prime factors of 454807730?
2, 5, 13, 269117
What are the prime factors of 1747138731?
3, 13, 3446033
What are the prime factors of 487710019?
487710019
What are the prime factors of 608428015?
5, 13, 9360431
What are the prime factors of 178633477?
11, 16239407
List the prime factors of 53310705.
3, 5, 7, 71, 7151
List the prime factors of 141186399.
3, 647, 72739
List the prime factors of 556538880.
2, 3, 5, 19, 1907
What are the prime factors of 10816502?
2, 2281, 2371
List the prime factors of 2663708.
2, 29, 22963
List the prime factors of 2479498478.
2, 257, 281, 17167
What are the prime factors of 128854031?
128854031
What are the prime factors of 1175726669?
13, 19, 4760027
What are the prime factors of 49450712?
2, 103, 60013
What are the prime factors of 187591719?
3, 7, 17, 525467
List the prime factors of 57962140.
2, 5, 89, 32563
List the prime factors of 165087338.
2, 13, 31, 239, 857
List the prime factors o